 3, 331
Suppose 0 = -3*i - 27 - 9. Let r(z) = 6*z + 4. Let l be r(i). Let w = 48 - l. List the prime factors of w.
2, 29
Suppose 5*k + 40392 = 5*l - 23253, 3*k - 12721 = -l. List the prime factors of l.
11, 13, 89
Suppose 4*v - 5*b - 4 = 94, -38 = -2*v - 3*b. Suppose v*u = 24*u - 420. List the prime factors of u.
2, 3, 5, 7
List the prime factors of 8/12 + 137754/405*(-30)/(-3).
2, 3, 7
Let h = 1093 + -629. Suppose 30*w - 28*w = h. What are the prime factors of w?
2, 29
Let v = 887 - 405. Let r = 545 + v. List the prime factors of r.
13, 79
Let i(k) = 9*k**2 + 5*k - 5. Let l(g) = 10*g**2 + 4*g - 4. Let n(w) = -3*i(w) + 4*l(w). What are the prime factors of n(-4)?
7, 29
Suppose 0 = -5*c - 5*x + 70, 6*x + 86 = 5*c + 7*x. Let k(z) = 10*z + 97. What are the prime factors of k(c)?
277
Let g = 20 + 180. Let k(y) = 7*y**2 - 110*y. Let r be k(15). Let f = r + g. List the prime factors of f.
5
Let o be 5/((-14706)/3684 + 4). Suppose -2*r = 2*r + 4, -4*i + 2*r = -o. What are the prime factors of i?
3, 17
Let x be -1 + (-536)/(-14) - (-4)/(-14). Suppose x*w = 45*w - 824. List the prime factors of w.
103
Let v = 792 + 4850. List the prime factors of v.
2, 7, 13, 31
What are the prime factors of ((-497148)/(-48))/1 - ((-26)/(-8) - 3)?
10357
Let t(z) be the third derivative of z**5/15 - z**4/8 - 16*z**3/3 + 2*z**2 - z. List the prime factors of t(-8).
2, 31
Suppose 0 = 2*g + 3*w - 1821, -6*g = -8*g - 5*w + 1827. Suppose 0 = 3*c + 4*u - g, -3*c + 16*u - 18*u = -912. List the prime factors of c.
2, 3, 17
Let t(a) = 1367*a**2 + 47*a + 121. What are the prime factors of t(-3)?
71, 173
Suppose -48*x + 24*x = -26*x + 13234. List the prime factors of x.
13, 509
Let h = 19 - -10. Let l = -37 + h. List the prime factors of l/4 + (-96)/(-1).
2, 47
Let b = 2372 - -1222. List the prime factors of b.
2, 3, 599
Let o(i) be the third derivative of -i**6/120 + i**5/15 + 7*i**4/24 + 16*i**2. Let a be o(5). List the prime factors of (a/4)/(6/108).
3, 5
Let b(v) = 8*v**3 - 13*v**2 - 31*v - 196. What are the prime factors of b(15)?
2, 23, 509
Let t(d) = 119*d**2 + 783*d - 4742. List the prime factors of t(6).
2, 5, 53
Suppose -23*p + 5373 = -4356. What are the prime factors of p?
3, 47
Suppose 3*f = -4*r + 7*f - 2240, -5*f + 560 = -r. Let b be (-3)/(15/58*14/r). Suppose 3*t - 2*i = b, -3*t - 3*i = -0*t - 489. What are the prime factors of t?
2, 79
Let q(l) = -48*l - 15*l**2 + 5*l**2 + l**2 + 87 + 4*l**2 + 7*l**2. List the prime factors of q(31).
521
Suppose -383*u + 384*u - 18364 = 0. List the prime factors of u.
2, 4591
Suppose 5*t - 13 = -3. Suppose -c = -4*a - 13, t*c - 71 = a - 24. Suppose -c = -q + 47. List the prime factors of q.
2, 3
Let o(k) = k**2 - 12*k - 13. Let q be o(13). Suppose 9*n - 7*n - 10 = q. Suppose -n*c = -2*c - 3*g, -4*g + 15 = c. List the prime factors of c.
3
Let i(a) = -7*a**3 - 8*a**2 - 16*a - 77. What are the prime factors of i(-7)?
2, 7, 73
What are the prime factors of (-150)/(5 + 10) - -77723?
77713
Suppose 6*u - 15 = -3. Let o = 9 - 9. Suppose -u*y + 3*y = 2*n - 39, o = 5*n - 5*y - 105. List the prime factors of n.
2, 3
Suppose 2*n - 6 = -n. Let i(j) = 49*j + 3. Let r(u) = -2*u - 2. Let h(b) = i(b) + 5*r(b). List the prime factors of h(n).
71
Suppose -9*i + 7*i + 312 = 0. Suppose 0*u - 3*u = -i. Let w = u + 26. What are the prime factors of w?
2, 3, 13
Let k = -53 + 64. Suppose -k*b = -8*b - 60. What are the prime factors of (-5)/b - 1082/(-8)?
3, 5
Suppose -237119 = 53*v - 231*v + 5218403. List the prime factors of v.
30649
Let x = 99 - 95. Let c be 3/(1/(4 - 53)) - x. Let g = c + 240. List the prime factors of g.
89
Let s = 223 + -75. Let h = s - 49. What are the prime factors of (-1021)/(-11) + 9/(h/2)?
3, 31
Let o(b) = 4*b**2 + 120*b + 2079. What are the prime factors of o(55)?
11, 1889
Let y(f) = 5*f**2 + 10*f + 14. Suppose -5*i = -6*i - 11. What are the prime factors of y(i)?
509
Suppose -3*d - 388 = f - 2*f, f = d + 130. Let z = -7 + 8. List the prime factors of 7/(-7) + (d/(-1) - z).
127
Suppose -117*a + 113*a = 152. Let y(x) = 3*x**2 + 110*x - 26. List the prime factors of y(a).
2, 3, 7
Let y be -1 + -5*4 + 2. Let o(q) = 9*q - 3. Let z be o(-11). Let a = y - z. What are the prime factors of a?
83
Let h be (-6)/10 + 46/10. Suppose -4*q + 0*r - 2*r + 6 = 0, 2*q = -h*r. What are the prime factors of (0 + 2 - -8)/q?
5
Let c be 88/24 - 2/(-6). Let k be 124 + (c - (4 + -4)). Suppose w = -2*w - 2*j + k, -2*w + 88 = 2*j. List the prime factors of w.
2, 5
Let h(t) = -89*t - 251. Let n = -421 - -414. What are the prime factors of h(n)?
2, 3, 31
Suppose 165 = 5*u - 4*i, -5*i - 131 = -4*u - 2*i. Suppose -1998 = u*z - 35*z. List the prime factors of z.
3, 37
Let l be (0 + -210 + 0)*(-196)/294. Suppose -l*r - 68 = -141*r. What are the prime factors of r?
2, 17
What are the prime factors of (-438993)/(-30) + 152/(-1520)?
14633
Let l = -61 + 54. Let o = l - -11. Suppose o*s = m + 227, m - 170 = -3*s + 2*m. What are the prime factors of s?
3, 19
Let h = -29 - -43. Let r be (1 - h)*(17 - 40). Let w = 440 - r. List the prime factors of w.
3, 47
Let m(y) = 3*y - 3. Let o be m(9). Let u be -4 + o/(2*1/2). Suppose -u*i + 106 = -19*i. List the prime factors of i.
2, 53
Let u(i) = 5*i**3 + 12*i**2 - 42*i + 622. List the prime factors of u(10).
2, 3, 11, 97
Suppose -2*q + 196 = 4*k, 0 = -2*q - 2 - 2. Let l = -45 + k. Suppose 2*v + 2*a = 230, -l*v - 5*a = -4*a - 559. List the prime factors of v.
3, 37
Let v(l) = l**2 - 5*l - 22. Let x be v(-5). Let m = x + -11. Suppose -r + m = 4*i, 5*i - 67 = -3*r + i. List the prime factors of r.
5
What are the prime factors of ((-120)/16 + 5 + 3)*(1 + 9193)?
4597
Let d be (-1469)/(-4) - 29/116. Let a = -242 + d. List the prime factors of a.
5
Suppose 139*a = a + 940056. What are the prime factors of a?
2, 13, 131
Let x be (-2 + 11)/(-2*3/8). Let w = x + 392. List the prime factors of w.
2, 5, 19
Suppose -2*k = -498*m + 497*m + 38418, 3*k + 38410 = m. List the prime factors of m.
2, 11, 1747
Let g(x) = -23 + 331*x**2 - 11*x - 7 - 332*x**2. Let w be g(-7). List the prime factors of (20/12 - 1)/(w/(-489)).
163
Suppose -j = -8*r + 17614, 18*r = 19*r - j - 2207. List the prime factors of r.
31, 71
Let q(b) = -2*b**3 - 46*b**2 + b - 7. Let z be q(-23). What are the prime factors of (z/(-4))/(5/410)?
3, 5, 41
Suppose -s + 104 = 113. What are the prime factors of (-109)/(6/s*3/4)?
2, 109
Suppose 4 = f - 0*f. Suppose -810 = 4*k - c, -4*k + f*c - 926 = -110. Let v = -123 - k. List the prime factors of v.
79
Let v(w) = 2*w + 11. Let t be v(12). Suppose t - 1 = 2*p. Let q = p - -24. What are the prime factors of q?
41
Suppose v + 3600 = -7*v. Let w = -243 - v. List the prime factors of w.
3, 23
Let a(y) be the second derivative of -19*y**5/120 + y**4/4 - 4*y**3 - 27*y. Let s(x) be the second derivative of a(x). What are the prime factors of s(-9)?
3, 59
Let m(d) = 2*d**3 + 26*d**2 - 15*d - 19. Let p be m(-13). Suppose -p*t - 5632 = -184*t. List the prime factors of t.
2, 11
Let c be (-1 + -11)/((-44)/110). Let u be c/18*27/15. Suppose -n + 147 - 54 = 2*z, -u = -3*n. What are the prime factors of z?
2, 23
Let i = 25 - 23. Suppose 0*x + 109 = -3*b - 5*x, 0 = -2*b + i*x - 78. Let f = b + 78. What are the prime factors of f?
2, 5
Let y(n) = -4*n + 23. Let j be y(7). Let o be 3*j/15 + 1. List the prime factors of 0/1 + o - -91*1.
7, 13
What are the prime factors of (38070 - -12)*1 + (4 - 11)?
5, 1523
Let l = -201 + 25. Let d = 1744 - 1666. Let g = d - l. List the prime factors of g.
2, 127
Let y(i) = 206*i - 1285. What are the prime factors of y(40)?
5, 13, 107
List the prime factors of 394/5*(-149 + 154).
2, 197
Let w = 138076 + -96474. What are the prime factors of w?
2, 11, 31, 61
Suppose -23761 = -14*w + 26765. What are the prime factors of w?
3, 401
Suppose -18*x + 13*x = -25. Suppose 3*s - x = -q, -s - s = 0. Suppose -4*p + 4*i = -108, q*i + 1 = 6*i. List the prime factors of p.
2, 7
Let b(j) = -3*j**3 + 32*j**2 + 14*j - 31. Let k be b(11). Suppose 1103 = u - k*v + 285, -5*u - v + 4101 = 0. What are the prime factors of u?
2, 5, 41
Let w(n) = 1. Let d(j) = -7*j + 4. Let v(q) = d(q) - w(q). Let z be v(2). Let m(f) = -f**3 - 11*f**2 - 6*f + 27. List the prime factors of m(z).
3, 31
Let x(l) = 133*l**2 - 38*l + 256. List the prime fac